- 1. Let g(b) = -b**2 + b. Let k(y) = 4*g(y) + l(y). Let j be k(-2). Let h(s) = -4*s**2 - 5*s - 3 - 4 + 3*s**2 - s. What is h(j)?
-2
Let x(q) = -q - 5. Let k(i) = -i**2 - 3*i - 3. Let w be k(-6). Let s be 32/7 + 12/w. Determine x(s).
-9
Suppose 0 = z + z - 3*u - 17, -2*z = u + 3. Let k(b) = 8*b**3 - b**2 + b - 1. Determine k(z).
7
Let y(t) be the first derivative of -t**4/4 - 2*t**3/3 + 5*t**2/2 + 5*t + 10. What is y(-4)?
17
Let u(m) = 3*m - 1. Suppose 2*k - 10 = -2. Suppose 5*z - b - b = -2, k*z - 2*b = 0. What is u(z)?
-7
Let q(i) be the second derivative of i**4/12 - i**3/3 - 5*i**2/2 + 3*i. Give q(4).
3
Let q(y) be the third derivative of 0*y + 1/4*y**4 + 2/3*y**3 + 0 - 1/40*y**5 + 4*y**2. Let a(s) be the first derivative of q(s). Determine a(5).
-9
Suppose -8 = -3*i + i. Let l(b) = 6*b + 13*b**2 - 2*b - 12*b**2 - i. What is l(-5)?
1
Let x(w) = -w**3 + 11*w**2 + 10*w + 18. Let q be x(12). Let s(r) = -r**2 - 7*r - 6. Give s(q).
0
Suppose -3*j - 35 = -29. Let q(d) = 4*d**2 + d - 2. What is q(j)?
12
Suppose q - 3 = -8. Let c(v) = -v**2 - 5*v + 5. Calculate c(q).
5
Suppose -3*r = -2*b - 16, -b + 2*r - 2 - 6 = 0. Let q(i) = 2*i + 9. Calculate q(b).
-7
Let z(o) be the second derivative of o**4/12 - o**3/6 + 2*o. Calculate z(0).
0
Suppose -5*f = -f - 20. Let x(s) = 10*s**3 + 2*s - 1. Let k be x(1). Let y(w) = 7*w - 3 + k - 3 - w - w**2. What is y(f)?
10
Let w(f) be the third derivative of -f**6/120 - 2*f**3/3 + 3*f**2. Calculate w(0).
-4
Suppose w + 4*g + 6 = -0*w, 18 = 4*w - 5*g. Let r(c) = 3 + w*c - 2 + 4. Let m be (-5 - 3) + 4*1. Calculate r(m).
-3
Let z(j) be the first derivative of 1/3*j**3 - 2*j**2 - 1 + 0*j. What is z(5)?
5
Let d(u) = 9*u**3 + 5*u**2 + 7*u. Let h(p) = 4*p**3 + 2*p**2 + 3*p. Let l(v) = 3*d(v) - 7*h(v). Suppose y - 7 = 2*g + 1, -y - g - 4 = 0. Determine l(y).
0
Suppose 2*j + 2*j = 24. Let n(o) = -8*o**2 + 8*o + 9. Let a(m) = 17*m**2 - 17*m - 19. Let f(i) = j*a(i) + 13*n(i). Let h be (0 + 2/(-5))*5. Determine f(h).
-9
Let d(v) = -2*v**3 - 3*v**2 + 3*v - 7. Let c(j) be the first derivative of 3*j**4/4 + 5*j**3/3 - 2*j**2 + 10*j + 3. Let k(t) = 5*c(t) + 7*d(t). Give k(-3).
7
Let i(n) = -n**2 - n + 11. Suppose 0*a = 3*a. What is i(a)?
11
Let t(l) = l**3 + 5*l**2 - 7*l - 4. Let s be t(-6). Let x(r) = -2*r**3 + 4*r**2 - 2*r. Determine x(s).
-4
Suppose -6*g + 11*g = -15. Let h(n) = -5*n**2 - 2*n + 12. Let q(w) = -3*w**2 - w + 8. Let j(z) = 5*h(z) - 8*q(z). What is j(g)?
-7
Let p(g) = -2*g + 2. Suppose 5*x - 7*i = -2*i - 40, -2*i = 5*x + 5. Let t = 1 + x. Give p(t).
6
Let a(k) be the first derivative of -k**3/3 - 3*k**2/2 + 6*k - 1. Suppose -3 = 3*z, 7 = g - 5*z - 6. Let s = -13 + g. Calculate a(s).
-4
Suppose -4*p + 2 = -2. Let w = 3 - 1. Let n(r) = -r**w + r - 7*r**2 + 0*r - 1. What is n(p)?
-8
Suppose 3*v - 3*z + 1 + 2 = 0, 0 = v - 5*z + 13. Let b(f) be the first derivative of 1/3*f**3 - f + 5/2*f**v + 2. Determine b(-4).
-5
Let j(m) = -m**3 + 3*m**2 + m - 3. Let h(z) = -z**3 - z**2 + z. Let f(y) = -y - 5. Let o be f(-7). Let w(v) = o*h(v) - j(v). Calculate w(-5).
-2
Let d(r) = r**3 - r**2 + r - 1. Let g = -22 - -22. Determine d(g).
-1
Suppose -5*n + 6*n + 4*i = 24, -2*n + 5*i = 17. Let g(p) = p - 4. What is g(n)?
0
Let f = 2 - -3. Suppose -14 = -3*v + k, v - k = -1 + 7. Let w(d) = 4*d + 8. Let z(y) = -3*y - 7. Let p(c) = v*w(c) + 5*z(c). What is p(f)?
2
Let s(p) = p**3 + p**2 + 1. Let m be s(-1). Let o(l) = -3*l - l + 3*l + 1. What is o(m)?
0
Suppose 2*m + 10 - 3 = 3*j, -20 = 5*j + 3*m. Let d(w) = -w - 4 + 2 + 0. Determine d(j).
-1
Suppose -3*v = -8 - 4. Let a be v/2 - (3 + 0). Let z(i) be the third derivative of i**5/30 + i**4/24 + 2*i**2. What is z(a)?
1
Suppose 0 = -h - 2*h + 39. Let t = -8 + h. Let p(o) = 2*o + 7 + 2*o**2 - 4*o**2 + 0 + 6*o**2 - o**3. Give p(t).
-8
Let y(t) = -7*t + 12. Let v(a) = -13*a + 22. Let p(l) = -4*v(l) + 7*y(l). What is p(-3)?
-13
Let x(h) = h**2 - h - 1. Let i(w) be the third derivative of -2*w**2 + 0*w + 0 - 7/60*w**5 + 0*w**3 + 1/120*w**6 - 1/3*w**4. Let c be i(8). What is x(c)?
-1
Let q(c) = c**2 - 7*c. Let a = -33 - -40. What is q(a)?
0
Let k(r) = -r**3 - 4*r**2 + 4*r + 1. Suppose 0 = -4*j - 23 + 3. What is k(j)?
6
Let q(a) = 3*a**2 + 11*a. Let y(h) = -h**2 - 4*h. Let d(m) = -2*q(m) - 7*y(m). Calculate d(-5).
-5
Suppose -2*t = 2*c + 6, -c - 4 + 0 = 0. Suppose 0*g = 5*g. Let f(s) = 4 - 2*s - 3 + g + 3*s**2. Determine f(t).
2
Suppose 17 = 12*u - 7. Let z(h) be the first derivative of -1/3*h**3 - 5*h - 5/2*h**u + 3. Give z(-4).
-1
Let v(d) = -5*d**3 - 2*d**2 + 2*d + 3. Let m be v(-1). Let s(r) be the first derivative of 7/3*r**3 - 7/2*r**2 - 1 - 1/4*r**m + 9*r. What is s(6)?
3
Let h be (-10)/(-4) - 2/(-4). Suppose 4*y = 2*y - 3*k - 1, -5*y - 2*k = -h. Suppose 3*i + 14 = -2*d, -13 = 4*d - i + y. Let g(r) = -r**2 - 4*r + 2. Give g(d).
2
Suppose 4*b + 7 = 4*q - 5, -5*b + 20 = 2*q. Suppose -5*s = -b*u + 23, 0*u + 6 = 2*s + 3*u. Let k(w) = -w - 3 + 3*w - 3*w. Calculate k(s).
0
Let f(s) = -s**3 - 4*s**2 - 2*s - 4. Let m be -9 + 4*(4/16 + 0). Let p be 5*(2 + -1)/(-1). Let r = m - p. Give f(r).
-7
Let x be (3 - 16/4)*-6. Let p(h) = 2*h**3 - 6*h**2 + 4*h + 6. Let a(m) = 2*m**3 - 5*m**2 + 3*m + 5. Let s(g) = x*p(g) - 7*a(g). What is s(-2)?
7
Let b(p) = p - 4. Let a be b(5). Let s(o) be the third derivative of -o**4/24 - 12*o**2. Calculate s(a).
-1
Let v(k) = k + 1. Suppose -3*s + 2 = -4*m - 4*s, 3 = -5*m - s. What is v(m)?
0
Let i(a) be the first derivative of 1/2*a**2 - 5*a + 1. Calculate i(4).
-1
Let c(y) = 7*y**3 - 7*y**2 - 5*y + 4. Let h(x) = 13*x**3 - 14*x**2 - 9*x + 8. Let w(n) = 11*c(n) - 6*h(n). What is w(7)?
-11
Suppose -2*w - 3*w = 0. Let x(i) = -2*i - 3 + w*i**2 - 3*i + i**2. Let u(q) = -3*q - 16. Let y be u(-7). What is x(y)?
-3
Let v(b) be the second derivative of -b**5/20 - b**4/4 - b**3/2 - 3*b**2/2 - 8*b. What is v(-3)?
6
Let s = 88 - 87. Let b(c) = -6*c**2 + 1. Determine b(s).
-5
Let u(c) = -2*c + 4. Suppose 2*t - 9 = 1. Suppose 200 = t*s - 0*s. Let q be (s/(-12))/((-2)/3). What is u(q)?
-6
Let g = -3 - -2. Let x(r) be the third derivative of -r**5/60 - r**3/6 + r**2. Give x(g).
-2
Let j(r) = r + 1. Suppose 4*w - 36 = 24. Let n = -8 + w. Let o(c) = -2*c - 1. Let d(x) = n*j(x) + 3*o(x). What is d(-5)?
-1
Let p(q) = -q**3 - 8*q**2 + 8*q - 8. Let s be p(-9). Let n(g) be the third derivative of g**2 - 1/24*g**4 + 0*g - 7/60*g**5 + 0*g**3 + 0. Calculate n(s).
-8
Let u(p) be the third derivative of p**6/120 + p**5/10 - p**4/24 - 5*p**3/6 + 10*p**2. Calculate u(-6).
1
Let r(n) = 35*n**2 - 3*n - 18*n**2 - 17 + 18 - 18*n**2. Calculate r(-3).
1
Suppose 5*i + y = 50, -4*i - y + 33 = -6. Suppose 3*c - 7 = i. Let n(w) = w**3 + 0 + w + 0*w**3 - c*w**2 - 1 + 2*w**2. What is n(3)?
-7
Suppose -5*y - 3 = 12. Let t(p) = 6*p + 3. Let r(m) = 3*m + 2. Let n(j) = 5*r(j) - 2*t(j). Determine n(y).
-5
Let q = 17 + -8. Let l = 4 - q. Let t(s) = -s**2 - 6*s - 7. Calculate t(l).
-2
Let i(s) = 8*s**2 + 5*s + 7. Let n(l) = -l**2 - l - 1. Let g(d) = i(d) + 6*n(d). Suppose 0 = -3*p - 2*p - 2*t + 20, -14 = -2*p - 2*t. Give g(p).
7
Let s be 6/(-10)*(1 + -6). Let g = s - 0. Let l(r) = -r**2 + 5*r - 3. Give l(g).
3
Let p be (20/(-60))/(0 - 2/30). Let m(w) = -w**2 + 5*w - 6. Calculate m(p).
-6
Let a(f) = -f**3 + 1. Suppose 2*v = 3*m + 21, 0 = -3*v - m + 2 + 2. Suppose l - v + 4 = 0. Give a(l).
2
Let o(l) = l + 1. Let k(i) = 4*i + 14. Let a(x) = -k(x) + 3*o(x). Calculate a(-7).
-4
Let a(o) be the third derivative of -1/60*o**6 + o**2 + 0 + 1/30*o**5 + 0*o + 1/12*o**4 + 1/6*o**3. Calculate a(-1).
3
Let f(y) = 0*y + 0 + y + 1 + y. Calculate f(7).
15
Let s(q) = q**3 - 3*q**2 - 3*q + 2. Suppose -5*v + 32 - 12 = 0. Calculate s(v).
6
Let o(x) = 10*x - 1. Let h = 9 - 10. Determine o(h).
-11
Let i(x) be the second derivative of -1/12*x**4 + 7*x - 1/20*x**5 - 1/2*x**2 + 0 + 1/3*x**3. Suppose -2 = -b - 4. Determine i(b).
-1
Let l(i) = -14 + 23 - 11 - 2*i. Let p be l(-2). Let v(r) = r**3 - 2*r**2 - 2. Determine v(p).
-2
Suppose -8*k + 5*k = 12. Let l(j) = 2*j**2 + 4*j. What is l(k)?
16
Let j(m) be the third derivative of -m**6/360 - m**5/120 + m**4/3 - 4*m**3/3 + 8*m**2. Let i(s) be the first derivative of j(s). Give i(0).
8
Let l(g) = g - 5. Let q be l(3). Let f(m) = 5*m**3 + 4*m**2 - 9*m - 9. Let d(p) = -11*p**3 - 9*p**2 + 19*p + 19